)?
11
Let o(z) = 2*z**3 - 270*z**2 - 270*z - 294. What is o(136)?
-22
Let k(a) = -a**3 + 7*a**2 + 831*a - 5043. Determine k(6).
-21
Let c(i) = i**3 - 21*i**2 + 658*i - 8693. Calculate c(15).
-173
Let r(l) = -l**3 + 13*l**2 - 1125*l + 15957. What is r(14)?
11
Let w(a) = 2*a**2 - 138*a - 2821. Calculate w(-16).
-101
Let p(v) = -v**3 - 80*v**2 + 85*v - 255. Calculate p(-81).
-579
Let i(b) = -7*b**2 - 85*b + 1117. Give i(-22).
-401
Let x(l) = -2*l**3 + 67*l**2 + 162*l + 129. Determine x(36).
-519
Let z(h) = -2*h**2 - 240*h - 7812. Calculate z(-31).
-2294
Let a(j) = -1153873*j + 15000336. Give a(13).
-13
Let n(p) = -4*p**2 - 96510*p - 1253961. Calculate n(-13).
-7
Let b(i) = 2*i**2 + 204*i + 4528. What is b(-69)?
-26
Let g(n) = -2*n**3 + 1627*n**2 - 292668*n + 1635. Calculate g(545).
0
Let j(a) = 3*a**2 - 486*a - 43806. What is j(-64)?
-414
Let b(w) = w**3 + 22*w**2 - 35*w + 286. What is b(-20)?
1786
Let m(r) = 6*r**2 + 10813*r + 43227. Give m(-4).
71
Let i(d) = 238*d + 17319. Determine i(-75).
-531
Let b(k) = 8720*k - 1072543. Calculate b(123).
17
Let s(u) = u**2 + 30014*u - 68. Give s(0).
-68
Let b(q) = -172235*q - 1894595. Give b(-11).
-10
Let n(h) = 10*h**3 - 37*h**2 + 132*h - 6. What is n(6)?
1614
Let t(q) = -278*q + 5801. Calculate t(20).
241
Let d(f) = -4769*f - 2093582. Calculate d(-439).
9
Let d(k) = k**3 + 25*k**2 - 1939. Give d(-12).
-67
Let h(v) = v**2 + 275*v - 1632. Determine h(6).
54
Let s(u) = -4*u**2 - 4825*u - 877027. Calculate s(-223).
32
Let u(l) = 2*l**2 - 214*l + 1746. Determine u(9).
-18
Let g(s) = 3*s**3 + 66*s**2 - 144*s - 2741. Give g(-23).
-1016
Let n(m) = -m**3 - 7*m**2 + 713*m + 8941. Determine n(-15).
46
Let p(h) = 7*h**2 + 1056*h + 6383. Calculate p(-6).
299
Let r(s) = -3*s**2 - 1062*s + 35. Calculate r(0).
35
Let k(q) = -q**3 - 9*q**2 - 203*q - 1103. Give k(-6).
7
Let p(s) = -2*s**3 - 289*s**2 + 1335*s - 1716. Give p(-149).
-822
Let g(o) = -o**3 + 916*o**2 - 952*o + 33872. Calculate g(915).
17
Let r(s) = 6*s**2 + 75181*s - 1053711. What is r(14)?
-1
Let j(t) = 106*t**2 - 34674*t + 4013. Determine j(327).
89
Let a(r) = r**3 - 11*r**2 - 585*r - 253. Give a(-19).
32
Let p(m) = -m**2 - 2557*m - 239997. Determine p(-97).
-1377
Let d(a) = -a**2 - 381*a + 24000. Determine d(55).
20
Let m(b) = -4378*b**2 - 39409*b - 55. Determine m(-9).
8
Let z(q) = -q**3 + 241*q**2 + 1425*q + 14073. Give z(247).
-6
Let w(i) = i**3 + 81*i**2 + 1563*i + 23. Give w(-47).
1668
Let o(t) = -12172*t + 109711. Give o(9).
163
Let k(u) = -23*u**2 - 4367*u + 775. Calculate k(-190).
205
Let o(w) = 73*w**2 - 553*w + 740. What is o(6)?
50
Let w(m) = m**3 + 23*m**2 + 271*m + 4875. Calculate w(-21).
66
Let p(g) = -220*g - 4164. Give p(-20).
236
Let h(u) = 885*u + 14929. Calculate h(-17).
-116
Let q(l) = 625*l**2 + 4711*l - 2479. Give q(-8).
-167
Let n(d) = -125259*d + 2505175. Give n(20).
-5
Let x(h) = 3*h**2 + 333*h - 3638. Give x(10).
-8
Let g(q) = q**3 + 50*q**2 + 185*q - 3472. Give g(-44).
4
Let g(m) = m**3 - 11*m**2 - 588*m - 425. What is g(31)?
567
Let k(p) = -30692*p + 460381. What is k(15)?
1
Let f(a) = -80*a + 7380. What is f(91)?
100
Let a(g) = -1438*g + 17448. Give a(12).
192
Let z(u) = -6*u**3 + 4*u**2 - 2685*u + 8012. Calculate z(3).
-169
Let p(v) = -42994*v - 301026. Calculate p(-7).
-68
Let w(v) = -2*v**3 + 774*v**2 - 13284*v + 10. Calculate w(18).
10
Let t(v) = -184*v + 21707. Calculate t(117).
179
Let q(u) = 2*u**3 + 30*u**2 + 29*u + 589. Give q(-15).
154
Let t(p) = 5815*p + 17406. Give t(-3).
-39
Let z(j) = 259*j + 5327. Determine z(-19).
406
Let s(v) = v**3 - 3*v**2 - 433*v - 1974. Calculate s(-5).
-9
Let g(u) = -u**2 - 341*u + 91529. What is g(182)?
-3657
Let b(f) = -39*f**2 + 1193*f + 433. Determine b(31).
-63
Let d(l) = -17*l**2 - 179*l + 682. Determine d(4).
-306
Let t(s) = 1845*s + 40993. Determine t(-22).
403
Let u(t) = -t**3 + 20*t**2 + 50*t + 915. Calculate u(24).
-189
Let l(q) = -5*q**2 - 2187*q + 6585. What is l(3)?
-21
Let c(s) = -6*s**2 + 1804*s - 28423. What is c(284)?
-23
Let y(h) = h**3 - 258*h**2 - 617*h + 25224. Give y(260).
4
Let j(x) = 97*x + 16664. Determine j(-171).
77
Let f(t) = -t**2 + 1032*t - 4142. What is f(4)?
-30
Let l(a) = -5471*a + 21435. Calculate l(4).
-449
Let a(t) = 5*t**3 - 16*t**2 + 102*t + 24. Determine a(8).
2376
Let y(h) = -53*h**2 + 13536*h - 27069. Determine y(2).
-209
Let s(q) = 595*q**2 + 8646*q - 4131. What is s(-15)?
54
Let z(x) = -x**3 - 75*x**2 - 1219*x + 522. What is z(-51)?
267
Let n(t) = -6*t**2 + 38820*t - 232696. Calculate n(6).
8
Let x(o) = -2*o**3 + 14*o**2 - 1705*o + 15477. Determine x(9).
-192
Let w(k) = 22*k**3 - 7*k**2 + 42*k + 171. Calculate w(-3).
-612
Let f(w) = 945*w + 97808. What is f(-104)?
-472
Let s(q) = 43617*q + 305315. Determine s(-7).
-4
Let g(o) = o**2 + 162*o + 7711. Calculate g(-80).
1151
Let s(x) = -654*x**3 + 2618*x**2 - 46*x + 151. What is s(4)?
-1
Let h(d) = -108*d - 716. What is h(-16)?
1012
Let n(f) = -f**3 + 203*f**2 - 4455*f + 59. Determine n(25).
-66
Let w(k) = 3*k**2 + 136*k + 202. Determine w(-5).
-403
Let y(i) = -2*i**2 + 163*i + 14244. What is y(-53)?
-13
Let n(r) = 540103*r + 15122886. Calculate n(-28).
2
Let f(h) = -42638*h - 298598. Give f(-7).
-132
Let z(a) = 315*a - 6097. What is z(17)?
-742
Let j(o) = 2*o**3 + 3*o**2 - 121*o - 741. What is j(-6)?
-339
Let b(f) = 5*f**3 + 1790*f**2 - 5418*f - 1070. Calculate b(-361).
13
Let v(h) = -h**2 + 188*h - 3684. Calculate v(159).
927
Let b(x) = x**3 + 8*x**2 - 4*x - 2307. What is b(0)?
-2307
Let q(t) = 287*t - 7577. Calculate q(29).
746
Let f(i) = -93*i - 17926. Calculate f(-191).
-163
Let u(q) = -2304*q - 158869. Give u(-69).
107
Let l(p) = -255511*p - 1788594. Determine l(-7).
-17
Let d(u) = 206657*u + 620083. Calculate d(-3).
112
Let b(k) = -104*k**3 + 50*k**2 - 160*k + 61. What is b(3)?
-2777
Let h(f) = 11*f - 440. Calculate h(36).
-44
Let b(f) = -8*f**2 + 570*f + 29804. What is b(-35)?
54
Let i(k) = 1501*k - 1825. Calculate i(1).
-324
Let h(r) = -r**3 + 78*r**2 + 1722*r - 102. Calculate h(-18).
6
Let v(j) = j**3 - 9*j**2 + 31758*j - 190527. What is v(6)?
-87
Let k(a) = -a**2 + 3224*a + 77957. Give k(-24).
5
Let y(h) = -h**3 - 23*h**2 - 279*h - 5277. Determine y(-22).
377
Let j(b) = b**3 + 4*b**2 + 2*b + 1273. What is j(-12)?
97
Let s(b) = 3*b**3 + 31*b**2 - 74*b - 577. What is s(-11)?
-5
Let y(u) = 19*u**2 + 93*u - 321. Determine y(7).
1261
Let d(p) = -p**3 - 4*p**2 + 99*p - 240. What is d(-13)?
-6
Let l(u) = -450*u**2 - 2850*u + 2106. Give l(-7).
6
Let p(m) = 16*m**2 - 258*m + 41. Calculate p(15).
-229
Let y(t) = -94152*t - 659021. What is y(-7)?
43
Let w(v) = -2*v**3 + 146*v - 94. Calculate w(-9).
50
Let f(d) = -170*d + 3801. Calculate f(26).
-619
Let t(v) = -28*v**2 - 316*v - 46. Give t(-11).
42
Let t(b) = -25968*b + 181782. Calculate t(7).
6
Let n(j) = -j**3 - 24*j**2 - 73*j - 60. Give n(-19).
-478
Let y(b) = -b**3 - 16*b**2 + 431*b + 5661. What is y(-13)?
-449
Let a(d) = d**3 - 74*d**2 - 5539*d + 2290. Calculate a(120).
10
Let t(b) = -110*b - 11632. Calculate t(-99).
-742
Let c(q) = -1496*q**2 - 15*q + 473. What is c(0)?
473
Let n(z) = 5*z**2 - 286*z - 3. Calculate n(-6).
1893
Let s(k) = 3*k**2 - 232*k + 2584. Determine s(63).
-125
Let q(v) = v**3 - 13*v**2 - 245*v + 723. Determine q(23).
378
Let y(z) = -3*z**3 - 3*z**2 - 16*z - 799. What is y(-7)?
195
Let r(y) = -13167*y - 4578. Give r(0).
-4578
Let u(k) = -26557*k + 637373. Calculate u(24).
5
Let n(i) = -518*i + 74063. Give n(143).
-11
Let c(z) = -z**3 + 241*z**2 + 28537*z - 325. Determine c(328).
3
Let m(n) = -28593*n - 19271678. Give m(-674).
4
Let i(t) = 356*t + 1857. Calculate i(-10).
-1703
Let l(k) = -8*k**2 - 60*k + 52125. What is l(77)?
73
Let v(z) = 3*z**3 + 46*z**2 - 80*z - 44. What is v(-17)?
-129
Let q(z) = -2*z**3 + 10*z**2 + 1132*z - 5728. Give q(5).
-68
Let a(r) = 15*r**3 - 12*r**2 - 22*r - 38. Give a(-4).
-1102
Let b(n) = 2*n**2 + 59*n - 371. Calculate b(5).
-26
Let w(x) = -x**3 - 40*x**2 + 1377*x + 275. What is w(-62)?
-531
Let g(h) = -2130*h - 2146. Determine g(-1).
-16
Let o(x) = 47803*x - 812762. Give o(17).
-111
Let p(h) = -h**2 + 6*h + 3431. Determine p(-60).
-529
Let c(u) = -u**3 + 10*u**2 + 37*u + 311. Give c(14).
45
Let v(n) = n**3 + 11*n**2 - 19*n + 23. Determine v(-12).
107
Let w(d) = d**3 - 2*d**2 + 14*d + 915. Det